7. Let p(m) = -6*f(m) - 5*u(m). Calculate p(-3).
-9
Let f be (-7 - -4)*1/(-1). Suppose -2*i - i + 9 = 0, -f*u + 21 = 3*i. Let q = u - 8. Let n(h) = h**2 + 5*h - 4. What is n(q)?
-8
Let f(r) = -1 + 0*r + r + r**3 - 2*r + r**2. Let d be (0 - 2)*(-1)/(-2). Let y(s) = 2*s**3 - s - 5. Let p(v) = d*y(v) + 3*f(v). What is p(-3)?
8
Let c = -5 - -7. Let v(y) = -3*y**2 - 6*y**2 - 12 + 9*y - 1 + c + y**3. What is v(8)?
-3
Let b be -1 + (3 - -1*(-3 - -5)). Let y(h) be the third derivative of 0 + 0*h - 2/3*h**3 + 1/60*h**5 - 1/8*h**b - 5*h**2. What is y(4)?
0
Let t(g) = -26. Let x(p) = p - 155. Let d(u) = -6*t(u) + x(u). Suppose 3*n = 4*c + 5, 0*n - 5*n = -c - 14. What is d(n)?
4
Suppose 2 = 3*g - 2*p - 7, -4*p = 0. Let n(d) = 1 + 346*d + 341*d - 1031*d + 346*d. Calculate n(g).
7
Let k(h) = -7*h + 5. Let o(l) = 4*l - 2. Let t(m) = -3*k(m) - 5*o(m). Let r(y) = -y - 1. Let i be r(3). Determine t(i).
-9
Let u(n) = n**2 + 18. Suppose -2*h = -4*h + 3*h. What is u(h)?
18
Let n(g) = -13*g**2 - 3 + 33*g**2 + 3*g - 1 - 9*g**2 - 10*g**2. Determine n(-6).
14
Let p(t) = -6*t**2 + 4*t**3 - 13927 - 5*t**3 + 13944 + 0*t**3 + 10*t. Determine p(-7).
-4
Let a(t) = -6*t - 3*t**3 + t**3 + 3*t**2 + 11*t - 7*t. Calculate a(2).
-8
Let m(i) be the first derivative of i**2/2 - 14*i + 8. Determine m(9).
-5
Suppose 14*g - 17*g + 6 = 0. Let o(u) = 1 - 3*u**3 - 2*u**2 - g + 5*u - 9*u + 6*u. Calculate o(1).
-4
Let k(d) be the first derivative of -d**4/4 + 2*d**3 + 4*d**2 - 4*d + 9. Let u be k(7). Let p(t) = -4*t**2 + 4 - u + 6*t**2 - 3*t**2. What is p(-3)?
-8
Suppose -41*c = -37*c - 4. Let d(s) = s**3 + 2*s**2 - 2*s + 1. What is d(c)?
2
Let t be (-56)/(-26) + 2/(-13). Let l(x) = -3 - 1 + 0 + 2*x + t. Calculate l(-2).
-6
Let h(x) = -44*x - 2. Let d(a) = 5*a - 1. Let w(r) = -6*d(r) - h(r). What is w(-1)?
-6
Let i(h) = h - 1. Let s be (-22)/(-2) + (2 - 25/5). Give i(s).
7
Let y(k) be the second derivative of -2/3*k**3 - 1/10*k**5 + 0 - 14*k - 1/12*k**4 - 3/2*k**2. Calculate y(-2).
17
Let y be 9*-1*(-30)/27. Let a(g) = -g. Let i(x) = -x**2 + 14*x - 15. Let m(k) = -4*a(k) - i(k). Calculate m(y).
15
Let g(s) = 5*s**2 + 3*s + s + 2*s - 3*s**2 + 3. Calculate g(-4).
11
Let y(f) = -22*f + 81*f - 20*f - 24*f. Let q(a) = -a + 1. Let l be q(0). Determine y(l).
15
Let u be (4 + -7)/(-1) - -5. Let v(z) be the third derivative of z**6/120 - 7*z**5/60 - 3*z**4/8 + 4*z**3/3 + 12*z**2. What is v(u)?
0
Let t(w) = w + 2. Let l(u) be the first derivative of 3*u**2/2 - u + 22. Let f be l(0). Give t(f).
1
Let w = 40 - 43. Let h(i) = i**2 - 6*i - 2. Let o(d) = -2*d**2 + 6*d + 2. Let y(r) = w*o(r) - 4*h(r). Determine y(-4).
10
Let t(x) = x**2 - 10*x + 6. Let s be t(9). Let p(f) = -6*f - 4 + 3*f + 2*f. Calculate p(s).
-1
Suppose 9*n = -8*n + 6*n. Let i(y) = -y**2 + 4*y + 9. Let x(r) = -2*r**2 + 7*r + 17. Let t(f) = 5*i(f) - 3*x(f). Determine t(n).
-6
Let x(y) = y**3 - 5*y**2 + 3*y. Let m be 46/8 + 93/(-124). Calculate x(m).
15
Let u(i) = 13*i**2 - 10*i + 9. Let p = -12 - -1. Let q(f) = -6 - 6*f**2 + f**2 + 1 - 2*f**2 + 5*f. Let o(y) = p*q(y) - 6*u(y). Calculate o(6).
-5
Let c(h) = -h**2 + h + 2. Suppose 9*v - 10 = 4*v. Let o(b) = -b + b - 9 + v*b. Let w be o(6). What is c(w)?
-4
Let p(z) be the third derivative of 1/120*z**6 + 0*z + 0 - 7/60*z**5 + z**3 - 16*z**2 + 1/4*z**4. Give p(6).
6
Suppose -56*h - 28 = -42*h. Let w(p) = -3*p**2 + 2*p + 3. Give w(h).
-13
Let z(q) = -q**3 + q**2 - q. Let w(l) = 4*l**3 - 3*l**2 + 3*l + 1. Let j(h) = -w(h) - 5*z(h). Let f be (2/(-2 - -4))/((-28)/8 + 4). What is j(f)?
3
Let t(d) = 2*d**2 - 7*d - 4. Let m be -18*((-1)/(-9))/(15/(-45)). Calculate t(m).
26
Let j(n) be the first derivative of n**2/2 - 19*n - 24. Let f be j(14). Let k(i) = -4*i - 5. What is k(f)?
15
Let p be 5*1 + -2 + 1. Let h(s) = 3*s**3 - 2*s**3 - s - 38*s**2 + 37*s**2. Let t(g) = -7*g**3 + 10*g**2 + 6*g + 5. Let y(q) = 6*h(q) + t(q). Give y(p).
5
Let x(u) = u + 10. Let i = 144 + -144. Determine x(i).
10
Let o(b) = 5*b**3 - 6*b**2 - 47*b - 1. Let a(q) = -6*q**3 + 6*q**2 + 54*q + 1. Let n(c) = 6*a(c) + 7*o(c). Let z(k) = k - 4. Let j be z(0). Calculate n(j).
-13
Let u be 12/9*(1 + 2). Let l(o) = -o**2 - 2 - o + 0*o - u. Calculate l(0).
-6
Let s(z) = 7*z**2 - 4*z - 4. Let x(n) = 12*n**2 - 7*n - 7. Let o(g) = -5*s(g) + 3*x(g). What is o(0)?
-1
Let a be 16/(-6)*54/(-24). Suppose 3*s = a*s - 6. Let m(i) = -i - 11*i**2 + 7*i**2 + i**3 + 3*i**2 - 1. Give m(s).
1
Let a be (-1)/(-1 + 8/10). Suppose a*m + v = 5*v + 26, 0 = m - 2*v - 4. Let o(k) = -2 + m + 1 - k. Determine o(-4).
9
Let j(u) = -6*u**2 + 11*u - 16. Let k(w) = w**2 - w + 1. Let g(x) = j(x) + 4*k(x). Let n be g(3). Let t(a) = -a**2 - 9*a + 3. Give t(n).
3
Let z(y) = y**3 + 16*y**2 - 37*y - 21. Let m be z(-18). Let f(a) = -16*a + 1. Give f(m).
49
Suppose l + 15 = 17. Let i be -3 + 2 + (6/l - 6). Let m(t) = -t**3 - 4*t**2 + t + 1. Calculate m(i).
-3
Suppose -f - 2*f = 75. Let d be 1/(-6) + f/(-6). Suppose 0*u + 28 = d*u. Let i(z) = -z**3 + 7*z**2 + z - 1. Give i(u).
6
Let b(v) be the second derivative of -1/12*v**4 + 13 - 7/6*v**3 + 0*v**2 - 2*v. Suppose 2 + 10 = -2*r. Give b(r).
6
Let y(g) be the second derivative of g**7/840 + g**6/120 - g**5/120 + 3*g**3/2 - 6*g. Let q(b) be the second derivative of y(b). Calculate q(-3).
3
Let o(u) = u**2 + u + 3. Let m be o(0). Let v(r) = -1 - 2*r**2 - 4*r**3 - 3*r**m + 2*r + 13*r**3 + r**3. Let q be 2 + -3 - -2*1. Calculate v(q).
6
Let f(k) = -6 + k**3 - k - 2*k + 0*k + 7 - k**2. Let n(g) = -g + 2. Let m be n(-2). Suppose -m*h = 6 - 14. Determine f(h).
-1
Let l = -67 + 61. Let q(k) be the second derivative of -k**3/6 - 7*k**2/2 + 2*k. What is q(l)?
-1
Let g = -766 - -2299/3. Let t(r) be the first derivative of g*r**3 + 8 + 0*r**2 - 1/4*r**4 + r. Give t(0).
1
Let t(j) = j**2 - 95*j - 497. Let u be t(-5). Let m(n) = 1 - 1 + 1. Let a(v) = -2*v + 5. Let y(o) = a(o) - 5*m(o). What is y(u)?
-6
Let a = 6 + -4. Let m be a/(-5) + 280/(-50). Let v = 9 + m. Let t(r) = -r**2 + 5*r + 2. What is t(v)?
8
Let d = 293 - 289. Let r(t) = -3*t**3 + t**2 - 4*t - 4. Let w(f) = -8*f**3 + 2*f**2 - 11*f - 12. Let p(a) = -11*r(a) + 4*w(a). What is p(d)?
12
Let a = -40 + -20. Let j be (-6)/(-4)*a/(-45). Suppose j*t - 10 = 5*m, 2*m - 7 = -0*m + 3*t. Let h(q) = q + 5. Calculate h(m).
1
Let z = 371 - 377. Let j(h) = -h**2 - 8*h + 4. Give j(z).
16
Let k(l) be the second derivative of -l**5/20 + 2*l**4/3 - 5*l**3/6 - 11*l**2 - 251*l. Calculate k(7).
-8
Let q(u) = -u**3 + 7*u**2 - 7*u - 12. Suppose -5*l = -h - 28, 0 = 4*l - 4*h + 5*h - 26. What is q(l)?
-18
Let i(h) = 7*h. Let s(q) = 3*q. Let y(o) = 6*o. Let p(n) = -5*s(n) + 3*y(n). Let f(d) = 3*i(d) - 5*p(d). Determine f(-3).
-18
Let n(a) = 16*a**3 + 9*a**2 - 9*a + 24. Let z(b) = -19*b**3 - 8*b**2 + 8*b - 24. Let u(s) = 6*n(s) + 5*z(s). Calculate u(-15).
9
Let i(k) = k**3 + 2*k**2. Let o(g) = g**2 - 2*g - 21. Let c be o(-5). Let v be ((-2)/(-4))/((-2)/24). Let s be 16/(-24) + c/v. What is i(s)?
-9
Let o(r) = 3*r**2 + 3*r - 13. Let j be o(3). Let v(x) = -13 + j - 11 - x**2. Give v(-2).
-5
Let i(n) = -13 - 5*n + 4*n + 13. Suppose 4*z + 4*q + 8 = 0, 0 = -2*z + 5*z + 2*q + 3. What is i(z)?
-1
Let v(q) = q**2 - 13*q + 7. Let t be v(13). Let f(c) = c**2 - 8*c + 10. Give f(t).
3
Let f(x) = -14*x + 2. Let n be 6/(-27) - (-416)/(-234). What is f(n)?
30
Let b(f) = 19*f + 5 + 2 - 2 - 18*f. Determine b(7).
12
Let s be 1*4/(12/(-9)). Let t = 0 - 6. Let l(k) = 7*k**3 + 3*k**2 - 5*k - 10. Let o(h) = 6*h**3 + 3*h**2 - 4*h - 9. Let a(g) = t*o(g) + 5*l(g). Determine a(s).
7
Let h(d) be the first derivative of 3*d + d**2 + 1/4*d**4 + 2 + 5/3*d**3. Let m be ((-1)/(-3))/((-6)/90). What is h(m)?
-7
Let d(g) = 6*g - 238 + g**3 + 6*g**2 - g**2 - 244 + 481. What is d(-3)?
-1
Let t(r) = -4*r + r + 4*r + 5. Suppose -5*j = -30*j - 10*j - 245. Determine t(j).
-2
Let d be 9/1 + 8/(16 + -8). Suppose 0*p + d = -5*n - 5*p, -n - 4*p - 2 = 0. Let i(a) = -a - 4*a**2 - a**3 + 0*a**3 + 0*a + 1. Determine i(n).
-5
Let k(h) be the first derivative of h**4/4 + 4*h**3/3 - h**2 + 7*h - 7. Let n be ((-20)/(-6))/(5 - 34/6). Determine k(n).
-8
Let s(j) = -j**2 + 1. Let i(r) = r**3 - 10*r**2 - 13*r + 10. Let o be i(11). Let a = -12 - o. Suppose -3*p - 2*p = 2*f, p + 2*f = a. Give s(p).
1
Let j = -83 + 90. Suppose 2*k + 3 = -j. Let f(x) = 4 + 2 + 